 what is 1000000111011101101 + 1?
1000000111011101110
In base 4, what is -21 - 1110222?
-1110303
In base 10, what is 31550 - -7?
31557
In base 3, what is 110012 - 0?
110012
In base 8, what is -17317 + 234?
-17063
In base 3, what is 202 - 1211120002?
-1211112100
In base 11, what is -241 + -29a?
-530
In base 9, what is 7 - -5154?
5162
In base 13, what is 14034 - -9?
14040
In base 3, what is 1010010 + -2101?
1000202
In base 2, what is 1000 + 1110010011?
1110011011
In base 14, what is -2451 - 5?
-2456
In base 12, what is 35a90 + 3b?
35b0b
In base 14, what is c2 - -106?
1c8
In base 14, what is 63ac + -71?
633b
In base 4, what is 11213030 + 1?
11213031
In base 6, what is 55145 - 13?
55132
In base 6, what is 340104 + -3?
340101
In base 14, what is -1 + -8459a?
-8459b
In base 9, what is -261 + -1075?
-1346
In base 8, what is -1147270 + -4?
-1147274
In base 14, what is -1 - 1bc7d?
-1bc80
In base 3, what is -101020211011 - -100?
-101020210211
In base 10, what is -61 - -1400?
1339
In base 6, what is 1 - 125220?
-125215
In base 5, what is 10 + 1021000?
1021010
In base 9, what is -11778 + -114?
-12003
In base 12, what is 455 + 33?
488
In base 4, what is -2123112 - 130?
-2123302
In base 3, what is -121002211120 - -11?
-121002211102
In base 6, what is 313134 + 4?
313142
In base 3, what is 122 - 2000112?
-1222220
In base 4, what is 131232320 - -1?
131232321
In base 13, what is -2a - 334?
-361
In base 12, what is 718 - -12?
72a
In base 10, what is 23 + 6551?
6574
In base 11, what is -2152 - -23?
-212a
In base 3, what is 1120010221 + -12?
1120010202
In base 3, what is 222212 - -1121222?
2121211
In base 6, what is 431051 + -5?
431042
In base 7, what is -4302 - 1336?
-5641
In base 13, what is -346 - 87?
-400
In base 2, what is 1001000 + -10111111011000?
-10111110010000
In base 6, what is 5524543 + -4?
5524535
In base 3, what is -100101101 - -20110?
-100010221
In base 8, what is 2653 + -62?
2571
In base 8, what is -1 - -7275?
7274
In base 10, what is 1 + 4867?
4868
In base 3, what is -100210 - -221020?
120110
In base 13, what is -aac - 293?
-1072
In base 4, what is -1211 + -132031?
-133302
In base 15, what is 35b + -508?
-19c
In base 7, what is -605106 - 1?
-605110
In base 11, what is -4 - 5a51?
-5a55
In base 6, what is 20020 - 213?
15403
In base 15, what is -346c - 1?
-346d
In base 13, what is -15 - -1b8b?
1b76
In base 7, what is -44 + -114460?
-114534
In base 2, what is -111 - 1010110011111?
-1010110100110
In base 8, what is 17 + 627222?
627241
In base 2, what is -1000001 - 110101000?
-111101001
In base 2, what is 1001100001110000 + 10?
1001100001110010
In base 4, what is -12223302 - 1?
-12223303
In base 5, what is 10010 - -202?
10212
In base 11, what is 13 - -514?
527
In base 15, what is cb - 7e?
4c
In base 14, what is -122975 - -2?
-122973
In base 12, what is 9 - 2262?
-2255
In base 7, what is -54 - -514?
430
In base 15, what is 89ed - 2?
89eb
In base 8, what is 25215144 + 2?
25215146
In base 16, what is 4 + -d449?
-d445
In base 7, what is 104632 + 2?
104634
In base 15, what is -d12d - 5?
-d133
In base 8, what is -511 - 37?
-550
In base 14, what is -98c + 1677?
ac9
In base 2, what is -100 + 1000111010110011100?
1000111010110011000
In base 3, what is 200 + -122011022?
-122010122
In base 15, what is 63 - -be6?
c59
In base 11, what is 675055 + -6?
67504a
In base 7, what is -5 + -335211?
-335216
In base 15, what is -13a69 - 9?
-13a73
In base 14, what is -5 + 417b?
4176
In base 4, what is 2 + -11121012?
-11121010
In base 8, what is -1552 + -237?
-2011
In base 13, what is 216 + 4362?
4578
In base 12, what is 1676 - a5?
1591
In base 3, what is 10212 + -12?
10200
In base 10, what is 3 + 27705?
27708
In base 13, what is 5c55 - 12?
5c43
In base 13, what is 81c - -252b?
304a
In base 8, what is 3064 - 27?
3035
In base 15, what is 20 + -1aa6c?
-1aa4c
In base 10, what is 266 - 3424?
-3158
In base 3, what is -101000012221 + 11?
-101000012210
In base 2, what is -11 + -101010001100111?
-101010001101010
In base 3, what is 1110122210 - 2?
1110122201
In base 9, what is 7008 - 12?
6886
In base 16, what is -716f - -2?
-716d
In base 6, what is 112153 - -13?
112210
In base 13, what is -1892 + -1?
-1893
In base 2, what is 111101 - -11101011010101?
11101100010010
In base 14, what is -b280 + -3?
-b283
In base 6, what is 5442311 + -14?
5442253
In base 2, what is 100 + -100000100000100111?
-100000100000100011
In base 5, what is 20 - -1341243?
1341313
In base 15, what is -819 + -26?
-840
In base 7, what is 335 + -3321?
-2653
In base 8, what is 1 - -34602?
34603
In base 16, what is -3c2dc - -1?
-3c2db
In base 3, what is -12110 - -101102002?
101012122
In base 10, what is -3490 - -535?
-2955
In base 12, what is 1b4 - 132?
82
In base 5, what is -1232 + 1111?
-121
In base 5, what is 303010 + 14?
303024
In base 11, what is -2 - -6801a?
68018
In base 3, what is -1101201010211 + 12?
-1101201010122
In base 15, what is -13 + 3b62?
3b4e
In base 10, what is 10174 + 11?
10185
In base 7, what is -15 - -3242?
3224
In base 6, what is -515 + 2043?
1124
In base 13, what is 75 + -13?
62
In base 10, what is -114452 - 5?
-114457
In base 2, what is -10000111001 + -1011101011?
-11100100100
In base 3, what is 211021222 - 111?
211021111
In base 12, what is 0 + -18055?
-18055
In base 11, what is -59459 + 3?
-59456
In base 8, what is -3 + 2553717?
2553714
In base 13, what is 108 - -c74?
107c
In base 7, what is 10 + 16155?
16165
In base 14, what is -2aa209 + -5?
-2aa210
In base 12, what is -1 - -11825?
11824
In base 10, what is -5072 - -146?
-4926
In base 16, what is 2 + -1337?
-1335
In base 16, what is 2370 - 56?
231a
In base 13, what is -5ac13 + -5?
-5ac18
In base 16, what is -12 - 77?
-89
In base 7, what is -31026 + 54?
-30642
In base 3, what is -22121 + -102221?
-202112
In base 4, what is 233201020 - -11?
233201031
In base 12, what is -52539 - -5?
-52534
In base 2, what is -1011 + -1111011010110?
-1111011100001
In base 4, what is 20011 + -3?
20002
In base 9, what is -237 - -678?
441
In base 8, what is 2064747 + 1?
2064750
In base 14, what is 1524 + 6?
152a
In base 5, what is 10 + -231412?
-231402
In base 10, what is -2814 - -13?
-2801
In base 2, what is 100 + 1000111000101111?
1000111000110011
In base 14, what is 0 - 6da?
-6da
In base 10, what is -1648 - 73?
-1721
In base 5, what is 244 + -10430133?
-10424334
In base 7, what is -35001 - 1?
-35002
In base 5, what is -444444022 + -3?
-444444030
In base 9, what is 416 - -17?
434
In base 2, what is -11 + -10010111010010?
-10010111010101
In base 9, what is 24627 - -120?
24747
In base 2, what is 10 - -11110000101010001?
11110000101010011
In base 4, what is -11212 - -1000323?
323111
In base 13, what is 0 + 7522?
7522
In base 5, what is -1100004 - -102?
-1044402
In base 12, what is 1a14 + 496?
22aa
In base 6, what is -15355244 + -5?
-15355253
In base 8, what is 166316 - 22?
166274
In base 3, what is -12 - 112212121?
-112212210
In base 13, what is 3 + -442a?
-4427
In base 3, what is -21111101 - -20012?
-21021012
In base 5, what is 12021000 + 3?
12021003
In base 6, what is -25 + 55553?
55524
In base 11, what is 6553a + 3?
65542
In base 15, what is -6166 - 4?
-616a
In base 7, what is -10 - -12263?
12253
In base 16, what is d72ee + -1?
d72ed
In base 9, what is 217 - -758?
1076
In base 4, what is -10 - 3111320?
-3111330
In base 16, what is 1d + 941a?
9437
In base 9, what is 322764 + 1?
322765
In base 16, what is -2db9 - 1c?
-2dd5
In base 4, what is -2 - -21220010?
21220002
In base 8, what is 3 + 3314?
3317
In base 7, what is -4 + -66212?
-66216
In base 5, what is -4234 - 1124?
-10413
In base 15, what is -13 - ac76?
-ac89
In base 13, what is 174 - -224?
398
In base 5, what is 13 - -10024401?
10024414
In base 9, what is 4627 - 646?
3871
In base 12, what is 786 + 23b?
a05
In base 4, what is 1313 + 121022?
123001
In base 13, what is b1b + 202?
1020
In base 4, what is -3133 + 2110130?
2100331
In base 6, what is 4223 + -40?
4143
In base 13, what is b2 + -76?
39
In base 13, what is -5c4759 - 4?
-5c4760
In base 13, what is -11610 + 2a?
-115b3
In base 10, what is 257878 + 4?
257882
In base 12, what is 76308 + -4?
76304
In base 16, what is -3 - 3161e?
-31621
In base 2, what is -1100000000100100 + 10?
-1100000000100010
In base 9, what is 4670224 - 1?
4670223
In base 10, what is -38